{"id":39,"date":"2023-04-03T20:54:50","date_gmt":"2023-04-03T18:54:50","guid":{"rendered":"https:\/\/istitutobuenosaires.esteri.it\/?page_id=39"},"modified":"2025-12-09T12:03:33","modified_gmt":"2025-12-09T10:03:33","slug":"il-personale","status":"publish","type":"page","link":"https:\/\/iicvilnius.esteri.it\/it\/chi-siamo\/il-personale\/","title":{"rendered":"Il personale"},"content":{"rendered":"<p><span class=\"titoloRosso\">Direttore Reggente<br \/>\nL&#8217;Ambasciatore Emanuele de Maigret<br \/>\n<\/span><a href=\"mailto:iicvilnius@esteri.it\">iicvilnius@esteri.it<\/a><\/p>\n<p><span class=\"titoloRosso\">Amministrazione<\/span><br \/>\nDaiva Vitkauskait\u0117<br \/>\n<a href=\"mailto:amministrazione.iicvilnius@esteri.it\">amministrazione.iicvilnius@esteri.it<\/a><\/p>\n<p><span class=\"titoloRosso\">Informazioni<br \/>\n<\/span>Jurgita Sviderskien\u0117<br \/>\n<a href=\"mailto:iicvilnius@esteri.it\">iicvilnius@esteri.it<\/a><\/p>\n<p><span class=\"titoloRosso\">Eventi<br \/>\nGiedr\u0117 Bagd\u017ei\u016bnait\u0117<br \/>\n<\/span><a href=\"mailto:eventi.iicvilnius@esteri.it\">eventi.iicvilnius@esteri.it <\/a><\/p>\n<p><span class=\"titoloRosso\">Corsi di lingua e borse di studio<br \/>\n<\/span>Jurgita Sviderskien\u0117<br \/>\n<a href=\"mailto:corsilingua.iicvilnius@esteri.it\">corsilingua.iicvilnius@esteri.it<\/a><\/p>\n<p>Biblioteca<br \/>\nJurgita Sviderskien\u0117<br \/>\n<a href=\"mailto:biblioteca.iicvilnius@esteri.it\">biblioteca.iicvilnius@esteri.it<\/a><\/p>\n","protected":false},"excerpt":{"rendered":"Direttore Reggente L&#8217;Ambasciatore Emanuele de Maigret iicvilnius@esteri.it Amministrazione Daiva Vitkauskait\u0117 amministrazione.iicvilnius@esteri.it Informazioni Jurgita Sviderskien\u0117 iicvilnius@esteri.it Eventi Giedr\u0117 Bagd\u017ei\u016bnait\u0117 eventi.iicvilnius@esteri.it Corsi di lingua e borse di studio Jurgita Sviderskien\u0117 corsilingua.iicvilnius@esteri.it Biblioteca Jurgita Sviderskien\u0117 biblioteca.iicvilnius@esteri.it","protected":false},"author":1,"featured_media":0,"parent":15,"menu_order":0,"comment_status":"closed","ping_status":"closed","template":"","meta":{"footnotes":""},"class_list":["post-39","page","type-page","status-publish","hentry"],"_links":{"self":[{"href":"https:\/\/iicvilnius.esteri.it\/it\/wp-json\/wp\/v2\/pages\/39","targetHints":{"allow":["GET"]}}],"collection":[{"href":"https:\/\/iicvilnius.esteri.it\/it\/wp-json\/wp\/v2\/pages"}],"about":[{"href":"https:\/\/iicvilnius.esteri.it\/it\/wp-json\/wp\/v2\/types\/page"}],"author":[{"embeddable":true,"href":"https:\/\/iicvilnius.esteri.it\/it\/wp-json\/wp\/v2\/users\/1"}],"replies":[{"embeddable":true,"href":"https:\/\/iicvilnius.esteri.it\/it\/wp-json\/wp\/v2\/comments?post=39"}],"version-history":[{"count":6,"href":"https:\/\/iicvilnius.esteri.it\/it\/wp-json\/wp\/v2\/pages\/39\/revisions"}],"predecessor-version":[{"id":2815,"href":"https:\/\/iicvilnius.esteri.it\/it\/wp-json\/wp\/v2\/pages\/39\/revisions\/2815"}],"up":[{"embeddable":true,"href":"https:\/\/iicvilnius.esteri.it\/it\/wp-json\/wp\/v2\/pages\/15"}],"wp:attachment":[{"href":"https:\/\/iicvilnius.esteri.it\/it\/wp-json\/wp\/v2\/media?parent=39"}],"curies":[{"name":"wp","href":"https:\/\/api.w.org\/{rel}","templated":true}]}}

<p><span class="titoloRosso">Direttore Reggente<br />
L&#8217;Ambasciatore Emanuele de Maigret<br />
</span><a href="mailto:iicvilnius@esteri.it">iicvilnius@esteri.it</a></p>
<p><span class="titoloRosso">Amministrazione</span><br />
Daiva Vitkauskaitė<br />
<a href="mailto:amministrazione.iicvilnius@esteri.it">amministrazione.iicvilnius@esteri.it</a></p>
<p><span class="titoloRosso">Informazioni<br />
</span>Jurgita Sviderskienė<br />
<a href="mailto:iicvilnius@esteri.it">iicvilnius@esteri.it</a></p>
<p><span class="titoloRosso">Eventi<br />
Giedrė Bagdžiūnaitė<br />
</span><a href="mailto:eventi.iicvilnius@esteri.it">eventi.iicvilnius@esteri.it </a></p>
<p><span class="titoloRosso">Corsi di lingua e borse di studio<br />
</span>Jurgita Sviderskienė<br />
<a href="mailto:corsilingua.iicvilnius@esteri.it">corsilingua.iicvilnius@esteri.it</a></p>
<p>Biblioteca<br />
Jurgita Sviderskienė<br />
<a href="mailto:biblioteca.iicvilnius@esteri.it">biblioteca.iicvilnius@esteri.it</a></p>

Direttore Reggente L&#8217;Ambasciatore Emanuele de Maigret iicvilnius@esteri.it Amministrazione Daiva Vitkauskaitė amministrazione.iicvilnius@esteri.it Informazioni Jurgita Sviderskienė iicvilnius@esteri.it Eventi Giedrė Bagdžiūnaitė eventi.iicvilnius@esteri.it Corsi di lingua e borse di studio Jurgita Sviderskienė corsilingua.iicvilnius@esteri.it Biblioteca Jurgita Sviderskienė biblioteca.iicvilnius@esteri.it
