{"id":1091,"date":"2023-10-18T15:43:32","date_gmt":"2023-10-18T12:43:32","guid":{"rendered":"https:\/\/iicvilnius.esteri.it\/?page_id=1091"},"modified":"2023-10-24T15:09:41","modified_gmt":"2023-10-24T12:09:41","slug":"pranesimai","status":"publish","type":"page","link":"https:\/\/iicvilnius.esteri.it\/lt\/amministrazione-trasparente\/pranesimai\/","title":{"rendered":"Prane\u0161imai"},"content":{"rendered":"<div class=\"entry-content\">\n<p>* Ital\u0173 kult\u016bros institutas atsiliepia tik \u012f tuos pasi\u016blymus bendradarbiauti, kuriuos ketina priimti.<\/p>\n<p>* Ital\u0173 kult\u016bros instituto naujausi\u0105 informacij\u0105 ir \u012fvairias \u017einias rasite FB paskyroje\u00a0 <a href=\"https:\/\/www.facebook.com\/IIC.Vilnius\">FB IIC.Vilnius<\/a><\/p>\n<\/div>\n<p>* \u0160iais mokslo metais ital\u0173 kalbos kursai vyks klas\u0117se. Ta\u010diau m\u0117ginsime suformuoti nuotolines grupes tiems, kuriems nebus tinkamos grup\u0117s klas\u0117je, kurie negali atvykti \u012f Institut\u0105 ar gyvena ne Vilniuje.<\/p>\n<p>* Siekant i\u0161vengti nuostoli\u0173 ir nepadaryti \u017ealos d\u0117stytojams ir kitiems kurs\u0173 lankytojams, sumok\u0117tas kurs\u0173 mokestis yra negr\u0105\u017einamas, u\u017esi\u0117mimams prasid\u0117jus.<\/p>\n<p>&nbsp;<\/p>\n","protected":false},"excerpt":{"rendered":"* Ital\u0173 kult\u016bros institutas atsiliepia tik \u012f tuos pasi\u016blymus bendradarbiauti, kuriuos ketina priimti. * Ital\u0173 kult\u016bros instituto naujausi\u0105 informacij\u0105 ir \u012fvairias \u017einias rasite FB paskyroje\u00a0 FB IIC.Vilnius * \u0160iais mokslo metais ital\u0173 kalbos kursai vyks klas\u0117se. Ta\u010diau m\u0117ginsime suformuoti nuotolines grupes tiems, kuriems nebus tinkamos grup\u0117s klas\u0117je, kurie negali atvykti \u012f Institut\u0105 ar gyvena ne [&hellip;]","protected":false},"author":3,"featured_media":0,"parent":108,"menu_order":14,"comment_status":"closed","ping_status":"closed","template":"","meta":{"footnotes":""},"class_list":["post-1091","page","type-page","status-publish","hentry"],"_links":{"self":[{"href":"https:\/\/iicvilnius.esteri.it\/lt\/wp-json\/wp\/v2\/pages\/1091","targetHints":{"allow":["GET"]}}],"collection":[{"href":"https:\/\/iicvilnius.esteri.it\/lt\/wp-json\/wp\/v2\/pages"}],"about":[{"href":"https:\/\/iicvilnius.esteri.it\/lt\/wp-json\/wp\/v2\/types\/page"}],"author":[{"embeddable":true,"href":"https:\/\/iicvilnius.esteri.it\/lt\/wp-json\/wp\/v2\/users\/3"}],"replies":[{"embeddable":true,"href":"https:\/\/iicvilnius.esteri.it\/lt\/wp-json\/wp\/v2\/comments?post=1091"}],"version-history":[{"count":3,"href":"https:\/\/iicvilnius.esteri.it\/lt\/wp-json\/wp\/v2\/pages\/1091\/revisions"}],"predecessor-version":[{"id":1185,"href":"https:\/\/iicvilnius.esteri.it\/lt\/wp-json\/wp\/v2\/pages\/1091\/revisions\/1185"}],"up":[{"embeddable":true,"href":"https:\/\/iicvilnius.esteri.it\/lt\/wp-json\/wp\/v2\/pages\/108"}],"wp:attachment":[{"href":"https:\/\/iicvilnius.esteri.it\/lt\/wp-json\/wp\/v2\/media?parent=1091"}],"curies":[{"name":"wp","href":"https:\/\/api.w.org\/{rel}","templated":true}]}}

Pranešimai

<div class="entry-content">
<p>* Italų kultūros institutas atsiliepia tik į tuos pasiūlymus bendradarbiauti, kuriuos ketina priimti.</p>
<p>* Italų kultūros instituto naujausią informaciją ir įvairias žinias rasite FB paskyroje  <a href="https://www.facebook.com/IIC.Vilnius">FB IIC.Vilnius</a></p>
</div>
<p>* Šiais mokslo metais italų kalbos kursai vyks klasėse. Tačiau mėginsime suformuoti nuotolines grupes tiems, kuriems nebus tinkamos grupės klasėje, kurie negali atvykti į Institutą ar gyvena ne Vilniuje.</p>
<p>* Siekant išvengti nuostolių ir nepadaryti žalos dėstytojams ir kitiems kursų lankytojams, sumokėtas kursų mokestis yra negrąžinamas, užsiėmimams prasidėjus.</p>
<p>&nbsp;</p>

* Italų kultūros institutas atsiliepia tik į tuos pasiūlymus bendradarbiauti, kuriuos ketina priimti. * Italų kultūros instituto naujausią informaciją ir įvairias žinias rasite FB paskyroje  FB IIC.Vilnius * Šiais mokslo metais italų kalbos kursai vyks klasėse. Tačiau mėginsime suformuoti nuotolines grupes tiems, kuriems nebus tinkamos grupės klasėje, kurie negali atvykti į Institutą ar gyvena ne [&hellip;]
