{"id":111,"date":"2023-04-03T20:54:50","date_gmt":"2023-04-03T17:54:50","guid":{"rendered":"https:\/\/iicvilnius.esteri.it\/chi-siamo\/il-personale\/"},"modified":"2025-12-09T12:04:11","modified_gmt":"2025-12-09T10:04:11","slug":"il-personale","status":"publish","type":"page","link":"https:\/\/iicvilnius.esteri.it\/lt\/chi-siamo\/il-personale\/","title":{"rendered":"Darbuotojai"},"content":{"rendered":"<p><span class=\"titoloRosso\">L.e.p. Direktorius<br \/>\nAmbasadorius Emanuele de Maigret<br \/>\n<\/span><a href=\"mailto:iicvilnius@esteri.it\">iicvilnius@esteri.it<\/a><\/p>\n<p><span class=\"titoloRosso\">Administracija<\/span><br \/>\nDaiva Vitkauskait\u0117<br \/>\n<a href=\"mailto:amministrazione.iicvilnius@esteri.it\">amministrazione.iicvilnius@esteri.it<\/a><\/p>\n<p><span class=\"titoloRosso\">Informacija<br \/>\n<\/span>Jurgita Sviderskien\u0117<br \/>\n<a href=\"mailto:iicvilnius@esteri.it\">iicvilnius@esteri.it<\/a><\/p>\n<p><span class=\"titoloRosso\">Renginiai<br \/>\nGiedr\u0117 Bagd\u017ei\u016bnait\u0117<\/span><br \/>\n<a href=\"mailto:eventi.iicvilnius@esteri.it\">eventi.iicvilnius@esteri.it<\/a><\/p>\n<p><span class=\"titoloRosso\">Kalbos kursai ir stipendijos<br \/>\n<\/span>Jurgita Sviderskien\u0117<br \/>\n<a href=\"mailto:corsilingua.iicvilnius@esteri.it\">corsilingua.iicvilnius@esteri.it<\/a><\/p>\n<p>Biblioteka<br \/>\nJurgita Sviderskien\u0117<br \/>\n<a href=\"mailto:biblioteca.iicvilnius@esteri.it\">biblioteca.iicvilnius@esteri.it<\/a><\/p>\n","protected":false},"excerpt":{"rendered":"L.e.p. Direktorius Ambasadorius Emanuele de Maigret iicvilnius@esteri.it Administracija Daiva Vitkauskait\u0117 amministrazione.iicvilnius@esteri.it Informacija Jurgita Sviderskien\u0117 iicvilnius@esteri.it Renginiai Giedr\u0117 Bagd\u017ei\u016bnait\u0117 eventi.iicvilnius@esteri.it Kalbos kursai ir stipendijos Jurgita Sviderskien\u0117 corsilingua.iicvilnius@esteri.it Biblioteka Jurgita Sviderskien\u0117 biblioteca.iicvilnius@esteri.it","protected":false},"author":1,"featured_media":0,"parent":89,"menu_order":0,"comment_status":"closed","ping_status":"closed","template":"","meta":{"footnotes":""},"class_list":["post-111","page","type-page","status-publish","hentry"],"_links":{"self":[{"href":"https:\/\/iicvilnius.esteri.it\/lt\/wp-json\/wp\/v2\/pages\/111","targetHints":{"allow":["GET"]}}],"collection":[{"href":"https:\/\/iicvilnius.esteri.it\/lt\/wp-json\/wp\/v2\/pages"}],"about":[{"href":"https:\/\/iicvilnius.esteri.it\/lt\/wp-json\/wp\/v2\/types\/page"}],"author":[{"embeddable":true,"href":"https:\/\/iicvilnius.esteri.it\/lt\/wp-json\/wp\/v2\/users\/1"}],"replies":[{"embeddable":true,"href":"https:\/\/iicvilnius.esteri.it\/lt\/wp-json\/wp\/v2\/comments?post=111"}],"version-history":[{"count":7,"href":"https:\/\/iicvilnius.esteri.it\/lt\/wp-json\/wp\/v2\/pages\/111\/revisions"}],"predecessor-version":[{"id":2816,"href":"https:\/\/iicvilnius.esteri.it\/lt\/wp-json\/wp\/v2\/pages\/111\/revisions\/2816"}],"up":[{"embeddable":true,"href":"https:\/\/iicvilnius.esteri.it\/lt\/wp-json\/wp\/v2\/pages\/89"}],"wp:attachment":[{"href":"https:\/\/iicvilnius.esteri.it\/lt\/wp-json\/wp\/v2\/media?parent=111"}],"curies":[{"name":"wp","href":"https:\/\/api.w.org\/{rel}","templated":true}]}}

<p><span class="titoloRosso">L.e.p. Direktorius<br />
Ambasadorius Emanuele de Maigret<br />
</span><a href="mailto:iicvilnius@esteri.it">iicvilnius@esteri.it</a></p>
<p><span class="titoloRosso">Administracija</span><br />
Daiva Vitkauskaitė<br />
<a href="mailto:amministrazione.iicvilnius@esteri.it">amministrazione.iicvilnius@esteri.it</a></p>
<p><span class="titoloRosso">Informacija<br />
</span>Jurgita Sviderskienė<br />
<a href="mailto:iicvilnius@esteri.it">iicvilnius@esteri.it</a></p>
<p><span class="titoloRosso">Renginiai<br />
Giedrė Bagdžiūnaitė</span><br />
<a href="mailto:eventi.iicvilnius@esteri.it">eventi.iicvilnius@esteri.it</a></p>
<p><span class="titoloRosso">Kalbos kursai ir stipendijos<br />
</span>Jurgita Sviderskienė<br />
<a href="mailto:corsilingua.iicvilnius@esteri.it">corsilingua.iicvilnius@esteri.it</a></p>
<p>Biblioteka<br />
Jurgita Sviderskienė<br />
<a href="mailto:biblioteca.iicvilnius@esteri.it">biblioteca.iicvilnius@esteri.it</a></p>

L.e.p. Direktorius Ambasadorius Emanuele de Maigret iicvilnius@esteri.it Administracija Daiva Vitkauskaitė amministrazione.iicvilnius@esteri.it Informacija Jurgita Sviderskienė iicvilnius@esteri.it Renginiai Giedrė Bagdžiūnaitė eventi.iicvilnius@esteri.it Kalbos kursai ir stipendijos Jurgita Sviderskienė corsilingua.iicvilnius@esteri.it Biblioteka Jurgita Sviderskienė biblioteca.iicvilnius@esteri.it
